reatest common divisor of k and 22.
22
Let h be ((-3100)/93)/((-2)/(-18)). Let u = -258 - h. Calculate the highest common factor of 238 and u.
14
Let r = 80 - 39. Let j = r + 15. Let h be ((-330)/7)/((-8)/j). What is the greatest common divisor of 30 and h?
30
Let r(o) = -361*o + 6868. Let z be r(19). Let k(b) = 2*b**2 - 2*b - 2. Let i be k(2). What is the highest common divisor of z and i?
1
Let v(y) = 16*y**2 + 2*y - 4. Let f be v(4). Let m(t) = -t**3 - 14*t**2 - 19*t - 13. Let h be m(-13). What is the greatest common factor of h and f?
65
Let s = -2480 - -2735. Calculate the highest common divisor of 465 and s.
15
Let o = 231 - 75. Let x(y) = -y + 25. Let t be x(-11). Calculate the highest common factor of o and t.
12
Let x be (-12)/(-9) - 33/9*-76. Let q(y) = 20*y - 8. Let a be q(6). Calculate the greatest common factor of a and x.
56
Suppose -42*o + 10*o = 48*o - 35520. Calculate the highest common divisor of o and 48.
12
Suppose 26*y + 12470 - 14290 = 0. What is the greatest common divisor of 910 and y?
70
Let y be 60 - (-2 + 0) - (-4 + 2). Let n = -54 + y. Suppose 0 = 5*d - n - 50. What is the greatest common factor of d and 36?
12
Let o be 6 - (-5 + 14 + -8). Let q be ((-36)/10)/6 - (-323)/o. Calculate the highest common divisor of 8 and q.
8
Let a be ((-10)/6 - -2)*27. Let j = 259 + -241. What is the highest common factor of j and a?
9
Suppose n - 4*n = 18*n - 63. What is the greatest common divisor of n and 681?
3
Suppose -1225 = 6*s - 23*s - 18*s. What is the greatest common factor of s and 7140?
35
Let o(q) = -q**3 - 19*q**2 + 50*q + 684. Let g be o(-21). Calculate the highest common factor of g and 903.
129
Suppose 55 = 29*b - 90. Suppose 0 = -j + 4*a + 28, 5*j = j - b*a + 175. Calculate the highest common divisor of j and 20.
20
Let t(c) = 18*c + 2129. Let q be t(-48). What is the greatest common factor of q and 55?
55
Suppose 4*g - 3533 = -633. Suppose -9 + g = 3*n + 4*s, -s + 933 = 4*n. Calculate the greatest common factor of 58 and n.
58
Let k be 126/15*((-238)/28 - -11). Calculate the greatest common factor of k and 1232.
7
Let f(p) = 25*p**3 + 3*p**2 - 4. Let s be f(2). Let t = -116 - -142. Calculate the highest common factor of s and t.
26
Let n be 2310/25*(-380)/(-114). Calculate the highest common factor of 38500 and n.
308
Suppose -4*d - 21714 = -3*i, -67*d - 14478 = -2*i - 64*d. Calculate the greatest common factor of 30 and i.
30
Let t(q) be the second derivative of -q**3/6 + q**2 + 16*q. Let h be t(-1). Suppose -50 = h*m - 146. Calculate the greatest common factor of m and 16.
16
Let r be 2/(-3) + 1194/9. Let q(b) = -5*b - 13. Let j be q(7). Let g = j - -60. Calculate the greatest common divisor of g and r.
12
Suppose 163*a + 813566 = 246*a. Calculate the greatest common divisor of a and 58.
58
Let h = 1063 - 667. Suppose -24 = -48*r + 42*r. Suppose 2*j + 5*g = g + 80, -r*j + 2*g = -140. What is the highest common divisor of h and j?
36
Let j(i) = -256*i + 536. Let s be j(2). What is the greatest common factor of s and 3472?
8
Let g(n) = 6*n**2 + 23*n + 45. Let b(h) = -7*h**2 - 24*h - 46. Let j(w) = -5*b(w) - 6*g(w). Let q be j(-12). Calculate the highest common divisor of 48 and q.
16
Let m(o) = -9*o**2 - 32*o - 52. Let j(q) = -20*q**2 - 65*q - 104. Let w(a) = -6*j(a) + 13*m(a). Let p be w(-2). What is the highest common factor of 324 and p?
12
Suppose -2*i + 12 = l, l - 4*l + 12 = 3*i. Suppose -36*j + 9900 = i*j. Let r be 1/(-4)*-10*10. What is the greatest common factor of r and j?
25
Let h(n) = 10*n**2 + 122*n + 242. Let a be h(-2). What is the highest common divisor of a and 2394?
38
Let w be 1040/(-13)*8 + 1 + -1. Let i be (w/14)/((-216)/756). Suppose 0 = 2*k - 3*k + 64. What is the highest common factor of i and k?
32
Suppose 76*u + 12 = 72*u, -4*a + 1478 = 2*u. Let r = 166 - 60. What is the highest common factor of a and r?
53
Let i = -329261 + 329343. Let p = 197 + -74. What is the greatest common factor of p and i?
41
Let k(h) = h**2 + 4*h + 8. Let v be k(-3). Suppose p = -5*l + 297, 0*l - 1413 = -v*p - l. Suppose -5*z - 2 = -p. What is the greatest common factor of z and 14?
14
Suppose 5*x - 180 = 5*y, 2*y + 2*x - 180 = 7*y. Let m = y - -504. Calculate the highest common factor of m and 52.
52
Let m(v) = -3*v. Let o be m(-1). Let x(l) = 44*l - 517. Let t be x(14). Let i be (t/(-22))/(o/(-192)). What is the greatest common divisor of i and 36?
36
Suppose 3*y = -3*p + 333, 345*y - 121 = -p + 346*y. Calculate the highest common divisor of 58 and p.
58
Let n = 219 + -216. Let w be 1175/75 + 2 + (-8)/n. What is the greatest common divisor of 9 and w?
3
Suppose 104 = r + r. Suppose 4*i = -v + 101, -9*i + 317 = 3*v - 4*i. Suppose 0 = -7*o + v - 18. Calculate the highest common factor of r and o.
13
Let q = 605 + -569. Let s(l) = 10*l - 352. Let i be s(q). Suppose 0 = -3*t - 2*b + 388, -3*b = 3*t - 8*b - 374. Calculate the greatest common factor of i and t.
8
Suppose b - b - 1872 = -4*b. Calculate the greatest common divisor of b and 52.
52
Let l(c) = -c**3 + 27*c**2 + 66*c + 11. Let r be l(23). Calculate the greatest common divisor of r and 90.
45
Let g be 173 - (2/(-4) - 11/(-2)). Suppose -b + 104 = 3*z, 5*z - g = -6*b + 3*b. Calculate the highest common divisor of z and 288.
36
Let k = -24987 + 25547. What is the greatest common divisor of k and 805?
35
Suppose -2*q + 10 = -s, -20 = -5*s - 3*q - q. Suppose s = 4*p - 6*p. Suppose f = -p*f + 84. Calculate the greatest common divisor of f and 12.
12
Let v be (-393)/4*(-18)/(-27)*-4. Suppose -90 = 4*g - v. What is the highest common factor of g and 129?
43
Suppose 14 = 4*v - 3*v. Suppose l - 56 = -v. What is the highest common factor of 154 and l?
14
Suppose -2*k = -5*x - 54, -2*k + 5*k - 56 = -5*x. Suppose -20 = 5*p, 10*b - 8*b = p + 488. Calculate the greatest common factor of k and b.
22
Suppose 5699 = 4*h + 57*l - 60*l, 3*h = 6*l + 4293. Calculate the highest common factor of 812 and h.
203
Suppose -2*l = 2*o - 316, -2*l = -281*o + 285*o - 320. Calculate the greatest common divisor of l and 9.
3
Let p be 5/15 - 20/6. Let k be ((-2)/15*p)/((-5)/(-150)). Suppose -k*i - 522 = -18*i. What is the highest common factor of i and 58?
29
Suppose 4*h + 3*k + 1236 = 7*h, 12 = 4*k. Let w = h - 307. What is the greatest common divisor of w and 8?
4
Suppose -9*g - u = -5*g - 1013, -g + 254 = u. Suppose 249*q = g*q - 232. What is the greatest common factor of 58 and q?
58
Let h be (-4*3)/(-3) + 9*(-3)/(-9). What is the highest common factor of 7861 and h?
7
Let m(j) = 4*j**2 + j + 16. Let u be m(6). Let q = 283 - u. Let t be (1 - 146/(-10))/(2/10). Calculate the highest common divisor of t and q.
39
Let y = 186 + -182. Let k be (0 - -185) + (y - (3 + -3)). Suppose 3*c + g + g = 81, -5*c = -3*g - 135. Calculate the highest common divisor of k and c.
27
Let n be ((-110)/(-6))/5 + 88/66. Calculate the greatest common factor of n and 3595.
5
Let n(r) = 75*r**2 + 4*r - 106. Let l be n(-5). Calculate the highest common factor of l and 848.
53
Let m(p) = 150*p - 5973. Let r be m(46). What is the greatest common divisor of r and 2060?
103
Let y(o) = -756*o + 51. Let w be y(-4). What is the greatest common divisor of 41 and w?
41
Suppose 0 = 6*j - 1 - 17. Suppose -4*p + 4*r = -20, -2*p = 2*p + j*r + 15. Suppose -3*v - 23 + 71 = p. What is the highest common factor of 2 and v?
2
Let c = 5654 - 5414. What is the greatest common factor of c and 1110?
30
Let v(j) = -87*j + 3421. Let o be v(19). What is the greatest common divisor of 1144 and o?
104
Let u = 40822 - 14317. Calculate the greatest common divisor of 279 and u.
279
Let x(r) = r**2 - r + 1. Let m(i) = i**3 - 2*i**2 - 24*i + 10. Let g(s) = m(s) - 6*x(s). Let t be g(10). Calculate the greatest common factor of 156 and t.
12
Let i = -2515 + 2534. Let u = -34 - -34. Suppose a - 25 = -2*m, u*a = 5*a - 4*m - 83. Calculate the greatest common divisor of a and i.
19
Suppose 5*a = 8*a - 315. Let f be 78/(-14) - 5/(a/(-12)). Let w(c) = 2*c**2 + 12*c + 27. Let h be w(f). What is the greatest common factor of h and 187?
17
Let d be ((-34)/5 + 8)*5. Calculate the greatest common factor of d and 366.
6
Suppose -j - 92 = -4*y, 41 + 47 = 4*y - 2*j. Let x = 118 - 496. Let k = 498 + x. Calculate the greatest common factor of y and k.
24
Let u